git of s - (3/(1 + 2) - 0)?
4
Let s be (1095/75)/((-2)/(-10)). Suppose 3*f + s = 4*y, -3*y + 2*f + 0*f = -55. What is the units digit of y?
9
Suppose 0 = -2*c + 5*t + 11, -14 = c - 5*c + 2*t. Suppose -k = -2*s - 151, 0 = 3*k + k + c*s - 637. What is the tens digit of k?
5
Suppose 3738 = 4*f + x, 931 = 8*f - 7*f + 2*x. What is the hundreds digit of f?
9
Suppose 6*z - 5 = 19. Suppose 0 = z*f + 5*g - 644, 2*g - 158 = -f - 0*g. What is the tens digit of f?
6
Let v = -36 - -48. Let j be v - 1 - (-3)/(-3). Suppose -2*u + 100 = j. What is the units digit of u?
5
Let r = -21 - -12. Let m = -14 - r. What is the units digit of 17*(-2)/10*m?
7
What is the tens digit of (1/1)/((-1)/(-601))?
0
Let d = -1179 + 4128. What is the units digit of d?
9
Let v(k) = 5*k**3 - 14*k**2 - 10*k + 12. Let b(u) = -9*u**3 + 28*u**2 + 19*u - 25. Let z(s) = -6*b(s) - 11*v(s). What is the tens digit of z(-14)?
7
Let a(x) = -3*x + x**2 - 6 - 1 + 8 + 2*x**2. What is the tens digit of a(-6)?
2
What is the hundreds digit of 2 - 1 - (-926 - 77/(-11))?
9
Let p(j) = 11*j**2 - 13*j - 4. What is the hundreds digit of p(4)?
1
Let d = 33 - -214. Suppose 3*r - k - 3*k = 703, 0 = -r - 5*k + d. What is the hundreds digit of r?
2
Suppose -150 - 299 = 3*u + p, u + 131 = -5*p. Let m = -108 - u. What is the tens digit of m?
4
Let u be (7/3)/(11/33). Let q = u - 8. What is the units digit of -3*(q + (-46)/6)?
6
Suppose -1228 = -3*n + 17. What is the units digit of n?
5
Let c = 33 - 27. Suppose c*n = 4*n + 170. What is the units digit of n?
5
Let p(m) = -3*m**2 - 343. Let a be p(0). What is the tens digit of a/(-3) + (-13)/39?
1
Suppose 0 = -t + 2, 0 = 5*b + 3*t - 10 - 131. Suppose 4*h - 13 = b. What is the units digit of h?
0
Suppose -3*p = -z - 3364, 2*p + 6*z = 2*z + 2252. What is the thousands digit of p?
1
Let w(x) = -4*x - 17. Let r be w(-5). Suppose -242 + 1091 = r*y. What is the tens digit of y?
8
Let g = 1050 + -315. What is the units digit of g?
5
Let p(o) = 8*o + 0 - 3 - 3 - 5. Let j be p(5). Suppose -j = 7*a - 218. What is the units digit of a?
7
Let j(m) = 6 + 7*m**2 - m**3 - 8*m**2 - 1 + 3*m. Suppose 3 = 3*a - 5*a + f, 0 = -5*a + 2*f - 10. What is the tens digit of j(a)?
4
Suppose 5*k - 15*k = -5260. What is the units digit of k?
6
Suppose i + p - 4135 = 0, -3*i = -p - 14504 + 2107. What is the thousands digit of i?
4
What is the hundreds digit of (-44)/198 - (-15423)/27?
5
Suppose -7 = 6*s - 19. Suppose -s*r + 291 = 51. What is the units digit of r?
0
Suppose y - 2200 = -5*a, -2*y = -2*a - 5*y + 880. Suppose 4*p = -2*t + a, -2*p - t - t + 218 = 0. What is the tens digit of p?
1
Suppose 0 = 5*q - 5*k - 0*k - 10, 3*q - 2 = 4*k. Suppose -52 = q*i - 4*i. Let j = 79 + i. What is the tens digit of j?
5
Let k(d) = 60*d - 38. What is the tens digit of k(9)?
0
Let o = 3654 + -1469. What is the hundreds digit of o?
1
Suppose -2*z + 246 = 60. Suppose 27 = 3*k + 2*p - 20, 5*k - z = 4*p. What is the units digit of k?
7
Let r(y) = -y**2 - 7*y. Let a(n) = n**3 + n**2 - 5*n - 3. Let m be a(-3). Let h be r(m). Suppose -i + h = 2*i. What is the units digit of i?
2
Suppose -4*v - 12 = 196. Suppose 2*q - 122 = -4*t + 176, 0 = -4*t + q + 313. Let s = t + v. What is the tens digit of s?
2
Suppose -774 = -3*d + 747. What is the units digit of d?
7
Suppose 4*m + 5*d = -58, d = 2*m - 4*m - 26. What is the units digit of (-102)/4*(-3)/(m/(-16))?
2
Suppose -5*d = -3*x + 17, -3*x = -x - d - 9. Suppose 4 = p, -2*f + x*p = 6 - 0. Suppose -2*o = f*l - 0*l - 35, 0 = 5*l - 5*o - 35. What is the units digit of l?
7
Let o(z) = -30*z**3 + 1. Let b be o(-1). Let v be 3/(((-15)/(-12))/(-1) + 2). Suppose 3*s = -v + b. What is the units digit of s?
9
Let b(u) = u**3 + 6*u**2 - 7*u + 4. Let o be b(-7). Suppose 0 = l - 3*k + k - o, 2*l - 3*k - 8 = 0. Suppose 7 + 9 = l*z. What is the units digit of z?
4
Let j(m) = -m**2 + 8*m - 3. Let s be j(6). Suppose -w + 4 = -x + 1, -5*x - 3*w + s = 0. Suppose x = 5*u + 17 - 127. What is the tens digit of u?
2
Let l be ((-1510)/4)/5 + (-2)/4. Let c = l - -166. What is the units digit of c?
0
What is the thousands digit of (8*(-20)/(-320))/((-2)/(-9116))?
2
Let h = -82 + 82. Suppose -3*p = g - 431, h = 4*g + 19 - 3. What is the hundreds digit of p?
1
What is the units digit of 1/((-3)/1 - 16/(-5))?
5
Let w = -72 - -212. Let x = 375 - w. What is the tens digit of x?
3
Let u be (-2)/6*-1 - 9/27. Suppose -o - y + 55 = 2*y, -3*y + 9 = u. What is the units digit of o?
6
Let x = 304 + -191. Suppose -h + u - x = -4*h, -4*u - 66 = -2*h. Suppose 5*n = 98 + h. What is the tens digit of n?
2
Suppose -s - 4*b + 450 = 0, 3*s - 3*b - 1366 = b. What is the units digit of s?
4
Let v(h) = -153*h - 64. What is the tens digit of v(-5)?
0
Let x be (-4)/(-1) - (0 - 1). Let a(j) = -j**2 - 2*j**2 + 4 + 2*j**2 + 10*j. What is the tens digit of a(x)?
2
Suppose -31*j + 42*j = 29326. What is the thousands digit of j?
2
What is the tens digit of 8 + (-1 + -544)*-1?
5
Let q(h) = 7*h**2 - 2*h + 2. Let i be q(6). Suppose i - 79 = d. What is the hundreds digit of d?
1
Suppose 89811 = 45*n - 52299. What is the tens digit of n?
5
Suppose s + 3*p - 75 = -0*p, 3*p = -2*s + 147. Let h be 0 - 2 - (-15)/3. Suppose -s = -h*g - 4*a, -a + 3 + 20 = g. What is the tens digit of g?
2
Let q = 10 - -1. Suppose -l + 0*l + q = 0. What is the tens digit of -2*(3 - l) + -2?
1
Suppose -14*r = -1006 - 1584. What is the hundreds digit of r?
1
Let i = 9 - 12. Let k = 47 - i. What is the units digit of k?
0
Suppose 4*z = 3*z + 2. Let c = z + 70. What is the tens digit of c?
7
Suppose 2*w = 6*w - 16. Let y be (8/(-4)*-2)/(3 - -1). Let j = w + y. What is the units digit of j?
5
Suppose 4*a = 6*a - 3*h + 7, -h = 5*a + 26. Suppose -8*k + 5*k = 4956. What is the units digit of k/(-35) + 1/a?
7
Suppose -6 = o - 10. Suppose 20 = 5*r, -5*r + 188 = -4*m + o. Let w = m + 61. What is the units digit of w?
0
Let p(v) = -v + 9. Let f be p(7). Suppose f*l + 464 = 4*l. What is the hundreds digit of l?
2
Let l be 2*(2 + -1)*(-3 - -6). What is the tens digit of (-20)/2*(-39)/l?
6
Suppose -n - 41 + 452 = 0. Let d = n - 248. What is the tens digit of d?
6
Let s(h) = h**3 + 11*h**2 - 12*h + 17. What is the units digit of s(-9)?
7
Let k = 1056 - 941. What is the units digit of k?
5
Let t(r) = -107*r + 146. What is the tens digit of t(-6)?
8
Let z(k) = 6 + 21 - 5*k + 13*k - k**2 + 2*k. What is the units digit of z(12)?
3
Let k = -480 - -844. What is the tens digit of k?
6
Suppose -2*k - 4*j + 116 = -j, k - 52 = -3*j. What is the tens digit of k?
6
Let t = 6398 - 3505. What is the units digit of t?
3
Suppose 2*q = 4*i + 454, -203 = -q + 3*i + 25. Suppose -3*w = -8*w + q. What is the units digit of w?
5
Let j(t) = 0 - 4*t + t + 1 - 2. Let h be j(-1). Suppose 0*l = h*l - 48. What is the tens digit of l?
2
What is the tens digit of ((-18)/(-24))/(3/8108)?
2
Let l = 2 - 9. Let z(v) = -2*v**3 - 3*v**2 + 5*v - 9. Let h be z(-4). Let j = l + h. What is the units digit of j?
4
Suppose 2*c + 2*x - 6 = c, -2*x = 2*c - 8. Suppose -5*d = -5*o + 10, 0*o = -5*d + o + c. What is the units digit of d - (0/2)/3?
1
Let i(l) = 3*l - 12*l - 10 + 21*l. Let b be i(7). Suppose 5*q = b + 56. What is the tens digit of q?
2
Let f(u) = u**3 + 12*u**2 + 18*u - 15. Let c be f(-10). Suppose 2*g - 379 = -3*v, -633 = -c*v - 0*g - 2*g. What is the units digit of v?
7
Let h(j) = -23*j - 10. Let c be h(-13). Let k = c + -161. Let q = k + -90. What is the units digit of q?
8
Suppose -2*w - i = -15, 9 = -5*w - 4*i + 54. Suppose -4*d = -3*d, w*p + 6900 = -5*d. What is the tens digit of 1/(-2) + p/(-24)?
5
Suppose -5*a - 3*o = -2094, -o + 838 = -2*a + 4*a. What is the units digit of a?
0
Suppose y - 4*u = 3*y - 420, u - 408 = -2*y. Suppose 2*n - y = 3*z - 5*z, 0 = z + 5*n - 93. What is the units digit of z?
3
Let i(c) = c**3 - 7*c**2 + 5*c + 8. Let o be i(6). Let j be 33*44/6 - o. Suppose 0 = 2*p + 10, -5*h + 5*p + j = 55. What is the units digit of h?
2
Let f = 5 + -5. Suppose -3*c + 4*c - 98 = f. What is the units digit of c?
8
Let r(k) be the second derivative of -k**4/12 - 7*k**3/3 + 14*k**2 - 7*k. What is the tens digit of r(-14)?
2
Let q(t) = -t**3 - 7*t**2 - 5*t + 7. Let i be q(-6). What is the units digit of 60 - -3 - (i - 5)?
7
Let j(v) = 2*v**2 - v - 4. Let i be j(2). Let q be i/2 - 0 - 